. Let h(w) = -51*w. Let c be h(i). Let q = c - 30. List the prime factors of q.
3, 7
Suppose 14*t + 1186 - 7710 = 0. List the prime factors of t.
2, 233
Let j(q) = -q**2 - q - 18. Let w be j(0). Let z be w + (4/2 - 5). Let b = z - -49. What are the prime factors of b?
2, 7
Let f be 4/6*(83 - 11). Let b be f/28*(-7)/(-2). Suppose -b*r - 68 = -8*r. List the prime factors of r.
2, 17
Suppose 19*a + 6872 = 15*a. List the prime factors of ((-1)/(-3))/(a/573 - -3).
191
Suppose -9*k = -4*k. Suppose k = -2*z - 2*z + 340. List the prime factors of z.
5, 17
List the prime factors of 670/30 - ((-22)/6 - -4).
2, 11
Let u = -610 + 846. What are the prime factors of u?
2, 59
Let v be 28/4*(3 + -2) - -2. Let o(g) = 7*g + 21. What are the prime factors of o(v)?
2, 3, 7
Suppose 3*y + 4*z = -535, -4*y - y = 3*z + 910. Let g = -116 - y. Suppose 5*b - 99 = -m, 0 = -5*b + m + 32 + g. List the prime factors of b.
2, 5
List the prime factors of (-13)/(65/(-4785)) + -1.
2, 239
Suppose 0 = -4*s - 5*d - 4, 3*s - 20 - 12 = 5*d. Suppose 0 = -i - s*t + 2*t + 156, 313 = 2*i + 3*t. Let y = i - 91. List the prime factors of y.
67
Let f(c) = c + 20. Let y be f(0). Let g be (-5)/(y/(-32)) - -2. List the prime factors of (g/25)/(2/200).
2, 5
Suppose 2*t = 2 + 6. Suppose 3*d - t*b = 9 + 19, 0 = -d + b + 8. Suppose -48 = -5*c - 3*m, c - 3*m + 5*m - d = 0. List the prime factors of c.
2, 3
Let z(w) = -7*w + 40 - 18 - 23 + 3*w**2. What are the prime factors of z(-5)?
109
Let v be (-10)/((-240)/621) + (-2)/(-16). Let i(l) = 13*l + 8. Let p be i(6). Let q = p - v. What are the prime factors of q?
2, 3, 5
Suppose -163*i + 139*i + 23712 = 0. List the prime factors of i.
2, 13, 19
Let q(o) = o**2 - 9*o - 38. Let b be q(16). Let v = b + -70. List the prime factors of v.
2
Suppose -d + 2406 - 405 = c, -8 = 2*d. What are the prime factors of c?
5, 401
List the prime factors of (-24)/18*6648/(-16).
2, 277
Let h(y) be the first derivative of 11*y**2/2 - 7*y - 24. List the prime factors of h(5).
2, 3
Let s(f) = 1296*f**2 + 15*f + 17. List the prime factors of s(-2).
5171
List the prime factors of (-9866)/(-4) - (-66)/132.
2467
Let s = 4 - 4. Suppose 6*h - h - 220 = s. Suppose z + 3*g - 8 = 0, 0 = -3*z - 5*g - 0 + h. What are the prime factors of z?
23
Suppose 3503 = 5*j + 3*u, -4*j + 5*u = -142 - 2653. Suppose 0 = -4*n - n + j. What are the prime factors of n?
2, 5, 7
Let i = -1781 + 3656. List the prime factors of i.
3, 5
List the prime factors of (4/(-3))/((-2)/1041).
2, 347
Let p(a) = -1. Let k(z) = 10*z + 3. Let o(m) = -k(m) - 3*p(m). Let b be o(-5). What are the prime factors of ((-4)/(-10))/(2/b)?
2, 5
Suppose y + 5*l - 1228 - 592 = 0, -5*l + 3665 = 2*y. List the prime factors of y.
3, 5, 41
List the prime factors of (-3424)/(-14) - (3 - 85/35).
2, 61
Suppose 3*r - 6*r + 9 = 0. Suppose -3*y + 0 = r. What are the prime factors of 20 - (-1 + 2 + y)?
2, 5
Let r(z) be the second derivative of 0 + z - z**2 - 7/3*z**3. List the prime factors of r(-2).
2, 13
Suppose -3*c + 10*c + 49 = 0. What are the prime factors of (-1062)/(-21) + (-3)/c?
3, 17
Let t = -66 + 116. Suppose t = 5*o - 855. List the prime factors of o.
181
Let h be 4/(-6) - 34/(-6). Suppose -265 + 52 = -4*w - h*m, -w + 56 = 4*m. List the prime factors of w.
2, 13
Suppose j = 3*d - 15, -3*d - 5*j = -3*j - 24. What are the prime factors of d/15 - ((-328)/5 - -1)?
5, 13
Let i = 2 - 12. List the prime factors of 1 + (-197)/(-2) + (-15)/i.
101
What are the prime factors of -9 + (-110)/(-11) + 1419?
2, 5, 71
Suppose -18*v - 3353 = -25*v. What are the prime factors of v?
479
Let f be 849/15 + 4/10. Suppose -f = 3*l + 2*n + n, 0 = -3*l + n - 41. List the prime factors of 20/l*21/(-2).
2, 7
Suppose -3*j - 55 = 2*j. Let r be (-1 - j)*(-5)/(-10). Suppose -53 - 37 = -r*u. List the prime factors of u.
2, 3
What are the prime factors of 9/(((-6)/(-123))/2)?
3, 41
Let j(z) = -z**2 - 6*z - 8. Let u be j(-4). Suppose u = -7*x + 10*x - 159. List the prime factors of x.
53
Let u(d) = -d**3 - 2*d**2 - d + 1. Let z be u(-2). Suppose 2*n = -n + z*i + 60, -45 = -4*n - 3*i. What are the prime factors of n?
3, 5
What are the prime factors of (-51 + -2 + 1)/(24/(-72))?
2, 3, 13
Let r = 10 + -3. Suppose -9*u + r*u + 36 = 0. List the prime factors of u.
2, 3
Let q(l) = -l**2 - l - 1. Let r(g) = -5*g**2 + 5*g + 10. Let n(w) = 6*q(w) - r(w). List the prime factors of n(-6).
2, 7
Suppose 5 = 2*b + 1. Let l be b - (-11)/((-22)/(-120)). Suppose -4*o + 14 = -l. List the prime factors of o.
19
Let v(o) = 2*o**2 + 10*o + 15. Let a be v(-5). List the prime factors of (-24)/10*(-650)/a.
2, 13
Suppose -436 - 49 = -z. List the prime factors of z.
5, 97
Let o(s) = 4*s - 8. Let x be o(-28). What are the prime factors of ((-24)/(-30))/((-1)/x)?
2, 3
Let y(s) = s**2 + 11*s - 13. Let k be y(-11). Let z = k - -6. What are the prime factors of (-4 + -3 - -3)*z?
2, 7
Let c = 1185 - 786. What are the prime factors of c?
3, 7, 19
Let f(o) = 6*o**2 + 8*o + 6. Let k be f(-3). Let p = -33 + k. Let u(q) = 8*q - 7. List the prime factors of u(p).
17
Suppose -19*z - 8*z = -18252. List the prime factors of z.
2, 13
Suppose -3*y + 0*y - 201 = 2*i, 4*i + 396 = -4*y. List the prime factors of i*(12/3)/(-4).
2, 3
Let f = 131 + -43. Suppose -f = -2*l - 0*l. List the prime factors of l.
2, 11
Let u be 11/6 - (-6)/36. Suppose 2*t = i + 272, u*t - 4*i = 131 + 141. List the prime factors of t.
2, 17
Suppose 2*u - 3*u = 3*t - 19, 2*u = -10. Let z = t + 5. What are the prime factors of z?
13
What are the prime factors of (-104)/(-624) + 1 + (-50518)/(-12)?
4211
Let o = -57 - -59. List the prime factors of 2991/10 + o/(-20).
13, 23
What are the prime factors of -4614*(7 + 75/(-10))?
3, 769
Let r be 1450/6 + (-6)/(-18). Let k = 490 - r. List the prime factors of k.
2, 31
Let q(b) = -15*b - 5. Let w be q(-4). What are the prime factors of (-5)/(0 - 5/w)?
5, 11
Let w(i) = -4*i - 10. Let a be 33/(-5) - 14/35. Let s be w(a). Let t = s + -10. What are the prime factors of t?
2
Suppose 12*c - 12 = 11*c. What are the prime factors of (-21)/(-24)*4*c?
2, 3, 7
Suppose -5*v = 2*r - 30, -6*r + 18 = 3*v - 5*r. Suppose -3 = -v*c + 375. List the prime factors of c.
3, 7
Suppose -2*q - 3 - 3 = 0. List the prime factors of ((-141)/1)/q + -2.
3, 5
Let w(o) = -7*o**3 - 2 + 0*o**3 + 6*o**3 - 3*o + 2*o**2. List the prime factors of w(-3).
2, 13
Let k(f) = -f**3 + 5*f**2 - 8*f - 6. Let v be k(6). Let q = 24 - v. Suppose q = 7*a - 4*a. List the prime factors of a.
2, 19
Let s(v) = v**3 + 7*v**2 - 11*v + 7. Let c be s(-8). Suppose c = -2*y - 3*z + 119, 0 = 2*y - 5*z - 72. What are the prime factors of y?
41
Let y be 12*4*(-1)/3. Let u be (-226)/10 + (-4)/10. Let m = y - u. List the prime factors of m.
7
Let f(x) = x**3 - 13*x**2 + 73*x + 15. List the prime factors of f(17).
2, 3, 67
What are the prime factors of (-2 - 7)/(2/(-16))?
2, 3
Let o(i) = 3*i**2 - 26*i + 133. List the prime factors of o(10).
173
Let w(g) = -g**2 + 4*g - 2. Let r(m) = -m**2 + 4*m - 3. Let a(c) = 5*r(c) - 6*w(c). List the prime factors of a(-6).
3, 19
Let y(u) = 6*u - 50. Let z be y(21). Let a = z - -20. List the prime factors of a.
2, 3
Suppose -5*w = -53 + 8. Suppose -w*p = -5*p - 144. List the prime factors of p.
2, 3
What are the prime factors of -2 + -2 + 1 - (-896 + -16)?
3, 101
Let n be -3 + (-78)/(-24) + (-11)/(-4). Suppose -p = -0*p - 29. Suppose -c + p = -n. List the prime factors of c.
2
Suppose 76 - 66 = 2*d. Suppose 3*o = -d*p + 421, 463 = 5*p + o + 36. What are the prime factors of p?
2, 43
Suppose 3*p + 2349 = -0*r + 3*r, 5*r - 3925 = 3*p. List the prime factors of r.
2, 197
Let n = 15 + -13. Let y(d) = d**3 - 6*d + 0*d**3 + 15*d**2 - 14*d**n. What are the prime factors of y(3)?
2, 3
Let t(i) = -37*i - 6. Let l be t(-1). Let o = l - 9. What are the prime factors of o?
2, 11
List the prime factors of 2312/72*21 - 4/(-6).
3, 5
Let v(d) = d**3 + 14*d**2 + 13*d + 2. Let j be v(-13). Suppose -4*u + 0*o = -2*o - 88, -2*u - j*o + 32 = 0. What are the prime factors of u?
2, 5
Let j(s) = -s**2 - 7*s - 7. Let n(c) = -10 + 2*c + c + 3*c - 7*c. Let h be n(-6). List the prime factors of j(h).
5
Suppose -v + 115 = 5*l, -5*v + 7*l - 2*l + 425 = 0. List the prime factors of v.
2, 3, 5
Let m(s) = s**3 + 8*s**2 + 10*s - 5. Let t be m(-6). Let p(